+ 2*m**2 - m - 1. What is x(w)?
1
Let f = -3 - -7. Let r(y) = -2*y + 19. Let l(h) = 6*h - 54. Let c(n) = -5*l(n) - 14*r(n). What is c(f)?
-4
Let o(n) = 13*n**2 + 202*n - 4 - 117*n - 3 - 5 + n**3 - 100*n. Calculate o(-14).
2
Suppose 5*m - 5 = 5. Let s(f) = -4*f - 1 - 3*f**m + 2*f**2 - 4*f. Suppose 185 = -23*z + 47. Give s(z).
11
Let s(a) = 3*a**2 + a + 1. Let z = 52 + -48. Suppose -w - z*p + 24 = p, 3*p = -2*w + 13. What is s(w)?
3
Let v(s) = -5*s**2 + 2*s + 7. Let w(d) = 6*d**2 - d - 7. Let n(z) = -5*v(z) - 4*w(z). Give n(7).
0
Let v(t) be the second derivative of -t**4/12 - t**3/6 - 12*t**2 - 2*t - 12. Determine v(0).
-24
Suppose 2*t - 10 = 0, -b + 3*b + 3*t = 21. Let n(l) = -5*l + 2. Let r(v) = 2*v - 1. Let y(z) = b*n(z) + 5*r(z). Give y(1).
-4
Let m(j) = -3*j**2 - 9*j - 20. Let t(l) = -10*l**2 - 28*l - 66. Let w(d) = 7*m(d) - 2*t(d). Calculate w(-10).
-38
Let y(n) = -n**3 - 4*n**2 + 6*n - 10. Let v(d) = -2*d**3 - 3*d**2 + 7*d - 12. Let m(h) = 2*v(h) - 3*y(h). Determine m(5).
11
Suppose 0 = 4*g + 5*m + 20, -4*m - 16 = -g. Let n(a) = -a - 6 + 2*a - a**2 - 5*a**3 + g*a**3 + 4*a**3. Let p = 0 - 0. Give n(p).
-6
Let w(l) = -2*l + 4*l + 8*l + 2 - 2*l. Let v(n) = n**3 - 2*n**2 - 5*n + 4. Let t be v(3). Determine w(t).
-14
Let y(m) be the first derivative of -m**4/4 + m**3/3 - m**2/2 + 5*m + 27. Let x(g) = -g + 4. Let k be x(4). Determine y(k).
5
Suppose 0 = 3*k + k - 12. Let o(x) be the second derivative of 8*x + 1/6*x**3 + 0 + 1/20*x**5 + 3/2*x**2 - 5/12*x**4. Calculate o(k).
-12
Let j(s) be the second derivative of 2*s**3 - 11*s**2/2 - 2*s. Let l(i) = 6*i - 5. Let y(t) = -6*j(t) + 13*l(t). Give y(-1).
-5
Suppose 7 + 1 = -4*t. Let p(w) = 1 + 50*w**2 - 95*w**2 + 44*w**2. Determine p(t).
-3
Let y(b) = -3*b + 4. Let p be 11*(0 + (2 - 1)). Suppose p = 2*c + 9. Suppose -5*t + 26 = 4*z, 0 = -5*z - 4 - c. Give y(t).
-14
Let x = 111 + -114. Let m(k) = -14*k**3 + 3*k**2 + 5*k - 3. Let a(p) = -13*p**3 + 2*p**2 + 4*p - 2. Let i(z) = x*m(z) + 4*a(z). Calculate i(-1).
9
Let i(j) = -17*j**3 - 162*j**2 - 14*j + 2. Let q(r) = 6*r**3 + 58*r**2 + 5*r - 1. Let n(s) = 4*i(s) + 11*q(s). Determine n(-5).
2
Suppose 7*o = 6 + 1. Let u be 3 - ((-2)/(-4))/(o/12). Let l(f) = -3*f - 1. What is l(u)?
8
Let y(c) = c**3 + 13*c**2 - 29*c + 16. Let r be y(-15). Let s(u) = -296*u + 299*u - 1 + u**2 - r. What is s(-4)?
2
Let d(w) be the second derivative of -11/4*w**4 + 0 - 7/6*w**3 - 8*w + 2*w**2. Let f(t) = 22*t**2 + 5*t - 3. Let j(r) = 5*d(r) + 7*f(r). Calculate j(1).
-12
Let t(u) = 31*u**2 - u. Let q be t(1). Let v = q - 24. Let n(l) = l + 1. Give n(v).
7
Let r(y) be the first derivative of y**6/360 + y**5/24 - 7*y**4/24 + 13*y**3/3 - 10. Let p(a) be the third derivative of r(a). Calculate p(-7).
7
Let k(m) = -m**2 - 3*m + 35. Let q be k(5). Let x(u) be the first derivative of -u**3/6 + 3*u - 3. Let h(z) be the first derivative of x(z). What is h(q)?
5
Let y(x) = -4*x - 1. Let t be y(5). Let h be 296/(-56) - 6/t. Let v(p) = 2*p**2 - 3 + 3*p + 2*p**2 + p**3 - 8*p. Determine v(h).
-3
Let m = 290 - 301. Let p(z) = 5*z + 54. Give p(m).
-1
Let g be (-1)/(-2) + (-7)/2. Let c(z) be the third derivative of -z**5/20 - z**4/12 + z**3/3 + z**2 - 51. What is c(g)?
-19
Let l(u) = -2 - u + 2 + 11. Suppose 0 = 4*g - 48*g + 264. Calculate l(g).
5
Let u(k) = -5*k**2 + 33*k - 18. Let o be u(6). Let s(d) = -d**2 + d + 10. Give s(o).
10
Let d(y) = -14 + y - 2*y + 10*y - 7*y. Give d(6).
-2
Let p(b) = 2*b**2 + b**3 - 2*b**3 - 3 + 1 + 2*b. Suppose 48 = -3*t + 156. Let o be (-6)/t + (-52)/(-24). Give p(o).
2
Let q(b) = -b + 3. Let f(n) = -3*n + 6. Let k be (-1 - (0 - -1))/(6/15). Let r(l) = k*q(l) + 2*f(l). What is r(-5)?
2
Suppose 4*o = 3*o, 2*a + 3*o = -20. Let b(z) = z + 13. Give b(a).
3
Let z(n) be the first derivative of n**2 + 4*n - 256. What is z(-5)?
-6
Let j(c) = 2*c - 1. Let n(y) = -y**2 - 14*y - 1. Let t(d) = -3*j(d) - n(d). Determine t(-6).
-8
Let f(t) = t + 5. Let c(v) = -4 + 11 - 7 - 1. Let u(q) = 6*c(q) + f(q). What is u(0)?
-1
Suppose 27*q + q + 399 = 175. Let j(i) be the first derivative of -i**4/4 - 7*i**3/3 + 9*i**2/2 + 11*i - 1. What is j(q)?
3
Let d(h) = -h - 2. Suppose p - 24 = -5*p. Suppose -p*b + 8*b = -20. Calculate d(b).
3
Let a(z) be the second derivative of 1/2*z**2 + 0 + 1/3*z**3 + z. Let x be 558/(-162) - (124/(-36) + 3). Give a(x).
-5
Let p(d) = d**2. Suppose -2*v - 2*j = -64, -101 = -3*v - 5*j + j. Suppose -5*g = -v - 3. Let q be g/(0 - -2) + -5. What is p(q)?
4
Let i(y) = -y - 1. Suppose 3*u = v - 9, -2*v + 11 - 2 = -3*u. Let l be 9/24*-4*4/u. Calculate i(l).
-3
Suppose 4*u + 3*t - 2 = t, -3*t + 3 = 2*u. Let i be 1/6*2*u. Let w(s) be the first derivative of -s**4/4 - s**3/3 + 10*s - 1. Calculate w(i).
10
Let x be (-309)/(-412) + (-50)/(-8). Let j(g) = 4*g - 6. Let i(s) = -5*s + 5. Let d(y) = -3*i(y) - 4*j(y). What is d(x)?
2
Let x(y) be the second derivative of 0 + 6*y - 1/12*y**4 - 3/2*y**3 + 11/2*y**2. Give x(-10).
1
Let b(d) = -8*d**2 - 3*d + 3. Let p(a) = -152*a**2 - 56*a + 56. Let g(v) = -56*b(v) + 3*p(v). Let f = 250 - 249. Determine g(f).
-8
Let g(t) be the second derivative of -1/2*t**2 + 2/3*t**3 + 0 - 18*t. What is g(3)?
11
Let k(m) = -m**3 - 2*m**2 - 5*m - 1. Let x be k(0). Let s(c) = 5*c**2 - 3*c - 4. What is s(x)?
4
Let t(i) = 2*i + 10. Let w be t(-5). Let d(h) = -7*h**2 + h**2 + 7*h**2 - h**3 + 1. Determine d(w).
1
Let h(w) = w**2 + 36 - 4 - 58 - 10*w. Calculate h(12).
-2
Let i be 0/((-5)/(10/4)). Let o = i - 1. Let u(y) = -28*y - 13*y - 1 + 29*y. Give u(o).
11
Let z(l) be the third derivative of -1/4*l**4 + 0 - l**2 - 1/6*l**3 + 0*l. Determine z(-1).
5
Let p = -3 - -3. Suppose p = -2*w + 8*a - 3*a + 14, 4*w + 4*a = 0. Let o(v) = 1 + 1 + 7*v**w - v**3 + 4. What is o(7)?
6
Let f(s) = s + 18. Let x be f(-7). Let p = -10 + x. Let o(h) be the second derivative of h**4/4 + h**3/6 - h**2/2 + 5*h. Determine o(p).
3
Let r(k) = -k**2 + 6*k + 5. Let j be r(7). Let d(z) = -9*z**2 + 7*z + 2. Let w(c) = -13*c**2 + 10*c + 3. Let n(x) = -7*d(x) + 5*w(x). Calculate n(j).
-9
Let w(r) = 2*r + 3*r - 4*r**2 + 3*r**2 + 8. Let m be (3/7)/(90/1260). What is w(m)?
2
Suppose 4*l + m - 35 = 0, -2*l + 6*l = -4*m + 20. Let k(d) = d**2 - 6*d - 12. Calculate k(l).
28
Let k(y) = -y**2 - 18*y + 15. Let v be k(-18). Suppose -5*g = 4*z - 16, -9*g + v = 5*z - 4*g. Let h(d) = 15*d + 1. Calculate h(z).
-14
Let f(m) = -m**3 - 4*m**2 + 6*m + 7. Let t = 1242 + -1247. Determine f(t).
2
Let p(w) = w**3 + 3*w**2 + 3*w + 2. Let g be p(-2). Suppose g = 5*j - 4*h - 25, -16 = 4*h + 4. Let s(t) = -j + 7 - 4 + 2*t. Give s(-2).
-2
Let h(s) = 2*s + 1. Let l(y) = -4*y - 2. Let j(p) = 13*h(p) + 6*l(p). Suppose -z = 3*m - 11, 5*z - 4 = -4*m + 18. Calculate j(m).
7
Let s(r) = -5*r - 6. Suppose -1055 + 1040 = 3*n. Calculate s(n).
19
Let h(v) = 9*v - 6. Suppose -8*g + 126 = 110. Determine h(g).
12
Let w be -2 + (-20)/5 + 1 + 3. Let f(b) = -15*b - 2. Let h(m) = -7*m - 1. Let d(a) = -4*f(a) + 9*h(a). What is d(w)?
5
Let p(o) = o**3 + 7*o**2 + 8*o + 17. Suppose 260*c = 264*c + 24. Give p(c).
5
Let p(u) = 3*u + 10. Let d(w) = w**2 + 23*w + 35. Let r(g) = 4*g - 21. Let y be r(0). Let v be d(y). Determine p(v).
-11
Let c(x) = -8*x. Suppose -5*s - s = 30. Give c(s).
40
Let j(o) = 2*o + 4. Let t be j(-5). Suppose 0 = -15*d + 20*d - 20. Let m(y) = -2*y + 7 - d - 8. Give m(t).
7
Suppose -n - 4*q = 3*n - 24, -4*q = -3*n + 4. Let o be ((-4)/(-8))/((-1)/n). Let v be -10*o/(-4) + 0. Let j(h) = h**3 + 4*h**2 - 6*h - 6. Give j(v).
-1
Let p(c) = c**3 - 6*c**2 + c - 2. Let u(g) = 21*g - 4. Let q be u(4). Let z be (18/8)/(30/q). Give p(z).
4
Let f be 3/(-1) - -6 - -1. Suppose -f*c + 25 = 9. Suppose 4*q + 6 = -6, -c*w + 7 = -q. Let u(g) = 3*g**2 - 2*g + 1. Give u(w).
2
Let r(v) = v**3 - 10*v**2 - 2*v + 22. Let h be r(10). Let m(j) = -59 - 7*j + 29 + 24 - j**h. Determine m(-6).
0
Let p(x) be the second derivative of x**4/12 - x**3/3 - 3*x**2/2 + 43*x. What is p(-2)?
5
Let h = 5 - 8. Let r(i) = -i**2 + i + 6. Let o(b) = 6*b**2 - 4*b - 31. Let f(u) = -u + 22. Let w be f(11). Let m(g) = w*r(g) + 2*o(g). Give m(h).
4
Let j = -703 - -710. Let k(i) = i**2 - 13*i + 30. Calculate k(j).
-12
Let h(m) = -m**3 - 6*m**2 + 5. Let k be h(-4). Let b be (-1*3)/(k/36). Let w(f) = -f**3 + 4*f**2 - f - 1. Give w(b).
-5
Suppose 5*i + 15 = 0, -3*i